{"id":85,"date":"2025-06-08T18:12:07","date_gmt":"2025-06-08T15:12:07","guid":{"rendered":"https:\/\/hullujuttu.fi\/?page_id=85"},"modified":"2025-06-08T20:44:02","modified_gmt":"2025-06-08T17:44:02","slug":"esimerkkihintoja","status":"publish","type":"page","link":"https:\/\/hullujuttu.fi\/?page_id=85","title":{"rendered":"Esimerkkihintoja"},"content":{"rendered":"\n<div class=\"wp-block-stackable-divider stk-block-divider stk-block stk-b4a1207\" data-block-id=\"b4a1207\"><hr class=\"stk-block-divider__hr\"\/><\/div>\n\n\n\n<p class=\"has-text-align-center has-upper-heading-font-size\">T\u00e4ll\u00e4 sivulla olevat hinnat ovat esimerkkihintoja. Palvelumme perustuu siihen, ett\u00e4 teemme yksil\u00f6llisi\u00e4 tuotteita erilaisille materiaaleille. Materiaalista ja sen koosta riippuen hinnat vaihtelevat.<\/p>\n\n\n\n<p class=\"has-text-align-center has-upper-heading-font-size\">Suurin mahdollinen yksitt\u00e4inen taulutyyppinen kaiverrusty\u00f6 voi olla kooltaan 60&#215;30 cm. Leikata voimme noin 3 mm materiaaleja.<\/p>\n\n\n\n<div class=\"wp-block-stackable-divider stk-block-divider stk-block stk-e34b411\" data-block-id=\"e34b411\"><hr class=\"stk-block-divider__hr\"\/><\/div>\n\n\n\n<div class=\"wp-block-stackable-feature stk-block-feature stk-block stk-b465617 is-style-default\" data-v=\"2\" data-block-id=\"b465617\"><style>.stk-b465617 {--stk-feature-flex-wrap:nowrap !important;}<\/style><div class=\"stk-content-align stk-b465617-column stk-container stk-b465617-container stk--no-background stk--no-padding\"><div class=\"stk-inner-blocks stk-block-content stk-row\">\n<div class=\"wp-block-stackable-column stk-block-column stk-column stk-block stk-0a80e99\" data-v=\"4\" data-block-id=\"0a80e99\"><style>.stk-0a80e99 {align-self:center !important;}<\/style><div class=\"stk-column-wrapper stk-block-column__content stk-container stk-0a80e99-container stk--no-background stk--no-padding\"><div class=\"stk-block-content stk-inner-blocks stk-0a80e99-inner-blocks\">\n<div class=\"wp-block-stackable-heading stk-block-heading stk-block-heading--v2 stk-block stk-18f43b3\" id=\"ti\" data-block-id=\"18f43b3\"><h2 class=\"stk-block-heading__text\">15&#215;10 puutaulu\/kyltti<\/h2><\/div>\n\n\n\n<div class=\"wp-block-stackable-text stk-block-text stk-block stk-67461be\" data-block-id=\"67461be\"><p class=\"stk-block-text__text\">Noin A5-kokoinen puutaulu\/kyltti, johon saa kaiverrettua kuvan kuin kuvan. Ohuehkon puutaulun leikkaaminen onnistuu my\u00f6s helposti. Puun syyt tuovat kuvaan yksil\u00f6llisen  s\u00e4v\u00e4yksens\u00e4.<br><br>Samankokoisia kylttej\u00e4 voidaan tehd\u00e4 my\u00f6s esimerkiksi mdf-levyst\u00e4, vanerista, lasista tai akryylimuovista. <br><\/p><\/div>\n\n\n\n<p>Hinta 14,90 \u20ac (alv 25,5%)<\/p>\n<\/div><\/div><\/div>\n\n\n\n<div class=\"wp-block-stackable-column stk-block-column stk-column stk-block stk-a9f7fa5\" data-v=\"4\" data-block-id=\"a9f7fa5\"><style>.stk-a9f7fa5 {align-self:center !important;}<\/style><div class=\"stk-column-wrapper stk-block-column__content stk-container stk-a9f7fa5-container stk--no-background stk--no-padding\"><div class=\"stk-block-content stk-inner-blocks stk-a9f7fa5-inner-blocks\">\n<div class=\"wp-block-stackable-image stk-block-image stk-block stk-f57647d\" data-block-id=\"f57647d\"><figure><span class=\"stk-img-wrapper stk-image--shape-stretch\"><img loading=\"lazy\" decoding=\"async\" class=\"stk-img wp-image-135\" src=\"https:\/\/hullujuttu.fi\/wp-content\/uploads\/2025\/06\/Oreo--rotated.jpg\" width=\"480\" height=\"640\" srcset=\"https:\/\/hullujuttu.fi\/wp-content\/uploads\/2025\/06\/Oreo--rotated.jpg 480w, https:\/\/hullujuttu.fi\/wp-content\/uploads\/2025\/06\/Oreo--225x300.jpg 225w\" sizes=\"auto, (max-width: 480px) 100vw, 480px\" \/><\/span><\/figure><\/div>\n<\/div><\/div><\/div>\n<\/div><\/div><\/div>\n\n\n\n<div class=\"wp-block-stackable-feature stk-block-feature stk-block stk-2ae651f is-style-default\" data-v=\"2\" data-block-id=\"2ae651f\"><style>.stk-2ae651f {--stk-feature-flex-wrap:nowrap !important;}<\/style><div class=\"stk-content-align stk-2ae651f-column stk-container stk-2ae651f-container stk--no-background stk--no-padding\"><div class=\"stk-inner-blocks stk-block-content stk-row\">\n<div class=\"wp-block-stackable-column stk-block-column stk-column stk-block stk-9538778\" data-v=\"4\" data-block-id=\"9538778\"><style>.stk-9538778 {align-self:center !important;}<\/style><div class=\"stk-column-wrapper stk-block-column__content stk-container stk-9538778-container stk--no-background stk--no-padding\"><div class=\"stk-block-content stk-inner-blocks stk-9538778-inner-blocks\">\n<div class=\"wp-block-stackable-heading stk-block-heading stk-block-heading--v2 stk-block stk-2069ed6\" id=\"ti\" data-block-id=\"2069ed6\"><h2 class=\"stk-block-heading__text\">Avaimenper\u00e4t<\/h2><\/div>\n\n\n\n<div class=\"wp-block-stackable-text stk-block-text stk-block stk-206cf55\" data-block-id=\"206cf55\"><p class=\"stk-block-text__text\">Avaimenperi\u00e4 l\u00f6ytyy niin puisina kuin tekonahkaisina, eri v\u00e4reiss\u00e4. pienen kokonsa t\u00e4hden n\u00e4ihin on helpointa kaivertaa esimerkiksi teksti\u00e4 tai hyvin pelkistettyj\u00e4 kuvia. Ihanteellisia vaikkapa yritysten logoille!<br><\/p><\/div>\n\n\n\n<p>Hinta 5,00 \u20ac\/kpl (alv 25,5 %)<br>10 kpl er\u00e4 40,00 \u20ac\/er\u00e4 (alv 25,5 %)<\/p>\n<\/div><\/div><\/div>\n\n\n\n<div class=\"wp-block-stackable-column stk-block-column stk-column stk-block stk-8a7cba0\" data-v=\"4\" data-block-id=\"8a7cba0\"><style>.stk-8a7cba0 {align-self:center !important;}<\/style><div class=\"stk-column-wrapper stk-block-column__content stk-container stk-8a7cba0-container stk--no-background stk--no-padding\"><div class=\"stk-block-content stk-inner-blocks stk-8a7cba0-inner-blocks\">\n<div class=\"wp-block-stackable-image stk-block-image stk-block stk-b0f7623\" data-block-id=\"b0f7623\"><figure><span class=\"stk-img-wrapper stk-image--shape-stretch\"><img loading=\"lazy\" decoding=\"async\" class=\"stk-img wp-image-60\" src=\"https:\/\/hullujuttu.fi\/wp-content\/uploads\/2025\/06\/Avaimenperat.jpg\" width=\"515\" height=\"477\" srcset=\"https:\/\/hullujuttu.fi\/wp-content\/uploads\/2025\/06\/Avaimenperat.jpg 515w, https:\/\/hullujuttu.fi\/wp-content\/uploads\/2025\/06\/Avaimenperat-300x278.jpg 300w\" sizes=\"auto, (max-width: 515px) 100vw, 515px\" \/><\/span><\/figure><\/div>\n<\/div><\/div><\/div>\n<\/div><\/div><\/div>\n\n\n\n<div class=\"wp-block-stackable-feature stk-block-feature stk-block stk-1ec30ce is-style-default\" data-v=\"2\" data-block-id=\"1ec30ce\"><style>.stk-1ec30ce {--stk-feature-flex-wrap:nowrap !important;}<\/style><div class=\"stk-content-align stk-1ec30ce-column stk-container stk-1ec30ce-container stk--no-background stk--no-padding\"><div class=\"stk-inner-blocks stk-block-content stk-row\">\n<div class=\"wp-block-stackable-column stk-block-column stk-column stk-block stk-2c03b89\" data-v=\"4\" data-block-id=\"2c03b89\"><style>.stk-2c03b89 {align-self:center !important;}<\/style><div class=\"stk-column-wrapper stk-block-column__content stk-container stk-2c03b89-container stk--no-background stk--no-padding\"><div class=\"stk-block-content stk-inner-blocks stk-2c03b89-inner-blocks\">\n<div class=\"wp-block-stackable-heading stk-block-heading stk-block-heading--v2 stk-block stk-9d97d75\" id=\"t\" data-block-id=\"9d97d75\"><h2 class=\"stk-block-heading__text\">Harrasteautokyltit<\/h2><\/div>\n\n\n\n<div class=\"wp-block-stackable-text stk-block-text stk-block stk-032ab28\" data-block-id=\"032ab28\"><p class=\"stk-block-text__text\">Haluaisitko sin\u00e4kin kertoa harrasteautostasi erilaisissa tapahtumissa viel\u00e4 enemm\u00e4n, ja viel\u00e4 v\u00e4h\u00e4n tyylikk\u00e4\u00e4mmin? Kuvan voi kaivertaa erilaisille materiaaleille, ja kuvasta voidaan tehd\u00e4 realistinen tai v\u00e4h\u00e4n taiteellisempi. Esimerkkikyltiss\u00e4 on haluttu kertoa teknisi\u00e4 tietoja, mutta kylttiin voidaan kaivertaa mit\u00e4 tietoja vain; vaikka kuvaus ajoneuvoon tehdyist\u00e4 muutoksista. Kyltin koko noin 30&#215;20 cm esimerkiksi vanerille, mdf:lle tai akryylimuoville. Voimme tehd\u00e4 my\u00f6s isompana tai pienemp\u00e4n\u00e4, hinta m\u00e4\u00e4r\u00e4ytyy t\u00e4ll\u00f6in ty\u00f6n mukaan.<\/p><\/div>\n\n\n\n<p>Hinta 29,90 \u20ac (alv 25,5 %)<\/p>\n<\/div><\/div><\/div>\n\n\n\n<div class=\"wp-block-stackable-column stk-block-column stk-column stk-block stk-b07991a\" data-v=\"4\" data-block-id=\"b07991a\"><style>.stk-b07991a {align-self:center !important;}<\/style><div class=\"stk-column-wrapper stk-block-column__content stk-container stk-b07991a-container stk--no-background stk--no-padding\"><div class=\"stk-block-content stk-inner-blocks stk-b07991a-inner-blocks\">\n<div class=\"wp-block-stackable-image stk-block-image stk-block stk-bb31192\" data-block-id=\"bb31192\"><figure><span class=\"stk-img-wrapper stk-image--shape-stretch\"><img loading=\"lazy\" decoding=\"async\" class=\"stk-img wp-image-33\" src=\"https:\/\/hullujuttu.fi\/wp-content\/uploads\/2025\/05\/Thunderbird-kyltti-2.jpg\" width=\"456\" height=\"374\" alt=\"Amerikanauto 1950-luku\" srcset=\"https:\/\/hullujuttu.fi\/wp-content\/uploads\/2025\/05\/Thunderbird-kyltti-2.jpg 456w, https:\/\/hullujuttu.fi\/wp-content\/uploads\/2025\/05\/Thunderbird-kyltti-2-300x246.jpg 300w\" sizes=\"auto, (max-width: 456px) 100vw, 456px\" \/><\/span><\/figure><\/div>\n<\/div><\/div><\/div>\n<\/div><\/div><\/div>\n\n\n\n<div class=\"wp-block-stackable-feature stk-block-feature stk-block stk-56e236d is-style-default\" data-v=\"2\" data-block-id=\"56e236d\"><style>.stk-56e236d {--stk-feature-flex-wrap:nowrap !important;}<\/style><div class=\"stk-content-align stk-56e236d-column stk-container stk-56e236d-container stk--no-background stk--no-padding\"><div class=\"stk-inner-blocks stk-block-content stk-row\">\n<div class=\"wp-block-stackable-column stk-block-column stk-column stk-block stk-e15b840\" data-v=\"4\" data-block-id=\"e15b840\"><style>.stk-e15b840 {align-self:center !important;}<\/style><div class=\"stk-column-wrapper stk-block-column__content stk-container stk-e15b840-container stk--no-background stk--no-padding\"><div class=\"stk-block-content stk-inner-blocks stk-e15b840-inner-blocks\">\n<p>Leikkaukset laserilla<\/p>\n\n\n\n<div class=\"wp-block-stackable-text stk-block-text stk-block stk-b99511b\" data-block-id=\"b99511b\"><p class=\"stk-block-text__text\">Erilaisi tekstej\u00e4 tai kuvioita voidaan helposti leikata laserilla. Materiaaleina voidaan k\u00e4ytt\u00e4\u00e4 niin puuta ja puupohjaisia materiaaleja, kuin akryylimuovia. Tarvitsetko taatusti erilaisen nimikyltin tai yksil\u00f6llisi\u00e4 mietelausetekstej\u00e4 sisustusta pirist\u00e4m\u00e4\u00e4n? Ota yhteytt\u00e4, niin suunnitellaan lis\u00e4\u00e4!<\/p><\/div>\n\n\n\n<p>Hinta (esim. kuvan teksti noin 10&#215;5 cm) 9,90 (alv 25,5 %) <\/p>\n<\/div><\/div><\/div>\n\n\n\n<div class=\"wp-block-stackable-column stk-block-column stk-column stk-block stk-6eb2c47\" data-v=\"4\" data-block-id=\"6eb2c47\"><style>.stk-6eb2c47 {align-self:center !important;}<\/style><div class=\"stk-column-wrapper stk-block-column__content stk-container stk-6eb2c47-container stk--no-background stk--no-padding\"><div class=\"stk-block-content stk-inner-blocks stk-6eb2c47-inner-blocks\">\n<div class=\"wp-block-stackable-image stk-block-image stk-block stk-3fddc79\" data-block-id=\"3fddc79\"><figure><span class=\"stk-img-wrapper stk-image--shape-stretch\"><img loading=\"lazy\" decoding=\"async\" class=\"stk-img wp-image-167\" src=\"https:\/\/hullujuttu.fi\/wp-content\/uploads\/2025\/06\/Hilla-kyltti-1.jpg\" width=\"631\" height=\"203\" srcset=\"https:\/\/hullujuttu.fi\/wp-content\/uploads\/2025\/06\/Hilla-kyltti-1.jpg 631w, https:\/\/hullujuttu.fi\/wp-content\/uploads\/2025\/06\/Hilla-kyltti-1-300x97.jpg 300w\" sizes=\"auto, (max-width: 631px) 100vw, 631px\" \/><\/span><\/figure><\/div>\n<\/div><\/div><\/div>\n<\/div><\/div><\/div>\n","protected":false},"excerpt":{"rendered":"<p>T\u00e4ll\u00e4 sivulla olevat hinnat ovat esimerkkihintoja. Palvelumme perustuu siihen, ett\u00e4 teemme yksil\u00f6llisi\u00e4 tuotteita erilaisille materiaaleille. Materiaalista ja sen koosta riippuen hinnat vaihtelevat. Suurin mahdollinen yksitt\u00e4inen taulutyyppinen kaiverrusty\u00f6 voi olla kooltaan 60&#215;30 cm. Leikata voimme noin 3 mm materiaaleja. 15&#215;10 puutaulu\/kyltti Noin A5-kokoinen puutaulu\/kyltti, johon saa kaiverrettua kuvan kuin kuvan. Ohuehkon puutaulun leikkaaminen onnistuu my\u00f6s helposti. [&hellip;]<\/p>\n","protected":false},"author":1,"featured_media":0,"parent":0,"menu_order":0,"comment_status":"closed","ping_status":"closed","template":"","meta":{"footnotes":""},"class_list":["post-85","page","type-page","status-publish","hentry"],"yoast_head":"<!-- This site is optimized with the Yoast SEO plugin v27.6 - https:\/\/yoast.com\/product\/yoast-seo-wordpress\/ -->\n<title>Esimerkkihintoja - Hullujuttu<\/title>\n<meta name=\"robots\" content=\"index, follow, max-snippet:-1, max-image-preview:large, max-video-preview:-1\" \/>\n<link rel=\"canonical\" href=\"https:\/\/hullujuttu.fi\/?page_id=85\" \/>\n<meta property=\"og:locale\" content=\"fi_FI\" \/>\n<meta property=\"og:type\" content=\"article\" \/>\n<meta property=\"og:title\" content=\"Esimerkkihintoja - Hullujuttu\" \/>\n<meta property=\"og:description\" content=\"T\u00e4ll\u00e4 sivulla olevat hinnat ovat esimerkkihintoja. Palvelumme perustuu siihen, ett\u00e4 teemme yksil\u00f6llisi\u00e4 tuotteita erilaisille materiaaleille. Materiaalista ja sen koosta riippuen hinnat vaihtelevat. Suurin mahdollinen yksitt\u00e4inen taulutyyppinen kaiverrusty\u00f6 voi olla kooltaan 60&#215;30 cm. Leikata voimme noin 3 mm materiaaleja. 15&#215;10 puutaulu\/kyltti Noin A5-kokoinen puutaulu\/kyltti, johon saa kaiverrettua kuvan kuin kuvan. Ohuehkon puutaulun leikkaaminen onnistuu my\u00f6s helposti. [&hellip;]\" \/>\n<meta property=\"og:url\" content=\"https:\/\/hullujuttu.fi\/?page_id=85\" \/>\n<meta property=\"og:site_name\" content=\"Hullujuttu\" \/>\n<meta property=\"article:publisher\" content=\"https:\/\/www.facebook.com\/profile.php?id=61576895710394\" \/>\n<meta property=\"article:modified_time\" content=\"2025-06-08T17:44:02+00:00\" \/>\n<meta property=\"og:image\" content=\"https:\/\/hullujuttu.fi\/wp-content\/uploads\/2025\/06\/Oreo--rotated.jpg\" \/>\n<meta name=\"twitter:card\" content=\"summary_large_image\" \/>\n<meta name=\"twitter:label1\" content=\"Arvioitu lukuaika\" \/>\n\t<meta name=\"twitter:data1\" content=\"1 minuutti\" \/>\n<script type=\"application\/ld+json\" class=\"yoast-schema-graph\">{\"@context\":\"https:\\\/\\\/schema.org\",\"@graph\":[{\"@type\":\"WebPage\",\"@id\":\"https:\\\/\\\/hullujuttu.fi\\\/?page_id=85\",\"url\":\"https:\\\/\\\/hullujuttu.fi\\\/?page_id=85\",\"name\":\"Esimerkkihintoja - Hullujuttu\",\"isPartOf\":{\"@id\":\"https:\\\/\\\/hullujuttu.fi\\\/#website\"},\"primaryImageOfPage\":{\"@id\":\"https:\\\/\\\/hullujuttu.fi\\\/?page_id=85#primaryimage\"},\"image\":{\"@id\":\"https:\\\/\\\/hullujuttu.fi\\\/?page_id=85#primaryimage\"},\"thumbnailUrl\":\"https:\\\/\\\/hullujuttu.fi\\\/wp-content\\\/uploads\\\/2025\\\/06\\\/Oreo--rotated.jpg\",\"datePublished\":\"2025-06-08T15:12:07+00:00\",\"dateModified\":\"2025-06-08T17:44:02+00:00\",\"breadcrumb\":{\"@id\":\"https:\\\/\\\/hullujuttu.fi\\\/?page_id=85#breadcrumb\"},\"inLanguage\":\"fi\",\"potentialAction\":[{\"@type\":\"ReadAction\",\"target\":[\"https:\\\/\\\/hullujuttu.fi\\\/?page_id=85\"]}]},{\"@type\":\"ImageObject\",\"inLanguage\":\"fi\",\"@id\":\"https:\\\/\\\/hullujuttu.fi\\\/?page_id=85#primaryimage\",\"url\":\"https:\\\/\\\/hullujuttu.fi\\\/wp-content\\\/uploads\\\/2025\\\/06\\\/Oreo--rotated.jpg\",\"contentUrl\":\"https:\\\/\\\/hullujuttu.fi\\\/wp-content\\\/uploads\\\/2025\\\/06\\\/Oreo--rotated.jpg\",\"width\":480,\"height\":640},{\"@type\":\"BreadcrumbList\",\"@id\":\"https:\\\/\\\/hullujuttu.fi\\\/?page_id=85#breadcrumb\",\"itemListElement\":[{\"@type\":\"ListItem\",\"position\":1,\"name\":\"Etusivu\",\"item\":\"https:\\\/\\\/hullujuttu.fi\\\/\"},{\"@type\":\"ListItem\",\"position\":2,\"name\":\"Esimerkkihintoja\"}]},{\"@type\":\"WebSite\",\"@id\":\"https:\\\/\\\/hullujuttu.fi\\\/#website\",\"url\":\"https:\\\/\\\/hullujuttu.fi\\\/\",\"name\":\"Hullujuttu\",\"description\":\"Yksil&ouml;llisi&auml; ja massasta erottuvia laserkaiverrust&ouml;it&auml;.\",\"publisher\":{\"@id\":\"https:\\\/\\\/hullujuttu.fi\\\/#organization\"},\"potentialAction\":[{\"@type\":\"SearchAction\",\"target\":{\"@type\":\"EntryPoint\",\"urlTemplate\":\"https:\\\/\\\/hullujuttu.fi\\\/?s={search_term_string}\"},\"query-input\":{\"@type\":\"PropertyValueSpecification\",\"valueRequired\":true,\"valueName\":\"search_term_string\"}}],\"inLanguage\":\"fi\"},{\"@type\":\"Organization\",\"@id\":\"https:\\\/\\\/hullujuttu.fi\\\/#organization\",\"name\":\"Hullujuttu\",\"url\":\"https:\\\/\\\/hullujuttu.fi\\\/\",\"logo\":{\"@type\":\"ImageObject\",\"inLanguage\":\"fi\",\"@id\":\"https:\\\/\\\/hullujuttu.fi\\\/#\\\/schema\\\/logo\\\/image\\\/\",\"url\":\"https:\\\/\\\/hullujuttu.fi\\\/wp-content\\\/uploads\\\/2025\\\/05\\\/cropped-Hullujuttu-logoehdotus-2-iso-1.jpg\",\"contentUrl\":\"https:\\\/\\\/hullujuttu.fi\\\/wp-content\\\/uploads\\\/2025\\\/05\\\/cropped-Hullujuttu-logoehdotus-2-iso-1.jpg\",\"width\":512,\"height\":512,\"caption\":\"Hullujuttu\"},\"image\":{\"@id\":\"https:\\\/\\\/hullujuttu.fi\\\/#\\\/schema\\\/logo\\\/image\\\/\"},\"sameAs\":[\"https:\\\/\\\/www.facebook.com\\\/profile.php?id=61576895710394\"]}]}<\/script>\n<!-- \/ Yoast SEO plugin. -->","yoast_head_json":{"title":"Esimerkkihintoja - Hullujuttu","robots":{"index":"index","follow":"follow","max-snippet":"max-snippet:-1","max-image-preview":"max-image-preview:large","max-video-preview":"max-video-preview:-1"},"canonical":"https:\/\/hullujuttu.fi\/?page_id=85","og_locale":"fi_FI","og_type":"article","og_title":"Esimerkkihintoja - Hullujuttu","og_description":"T\u00e4ll\u00e4 sivulla olevat hinnat ovat esimerkkihintoja. Palvelumme perustuu siihen, ett\u00e4 teemme yksil\u00f6llisi\u00e4 tuotteita erilaisille materiaaleille. Materiaalista ja sen koosta riippuen hinnat vaihtelevat. Suurin mahdollinen yksitt\u00e4inen taulutyyppinen kaiverrusty\u00f6 voi olla kooltaan 60&#215;30 cm. Leikata voimme noin 3 mm materiaaleja. 15&#215;10 puutaulu\/kyltti Noin A5-kokoinen puutaulu\/kyltti, johon saa kaiverrettua kuvan kuin kuvan. Ohuehkon puutaulun leikkaaminen onnistuu my\u00f6s helposti. [&hellip;]","og_url":"https:\/\/hullujuttu.fi\/?page_id=85","og_site_name":"Hullujuttu","article_publisher":"https:\/\/www.facebook.com\/profile.php?id=61576895710394","article_modified_time":"2025-06-08T17:44:02+00:00","og_image":[{"url":"https:\/\/hullujuttu.fi\/wp-content\/uploads\/2025\/06\/Oreo--rotated.jpg","type":"","width":"","height":""}],"twitter_card":"summary_large_image","twitter_misc":{"Arvioitu lukuaika":"1 minuutti"},"schema":{"@context":"https:\/\/schema.org","@graph":[{"@type":"WebPage","@id":"https:\/\/hullujuttu.fi\/?page_id=85","url":"https:\/\/hullujuttu.fi\/?page_id=85","name":"Esimerkkihintoja - Hullujuttu","isPartOf":{"@id":"https:\/\/hullujuttu.fi\/#website"},"primaryImageOfPage":{"@id":"https:\/\/hullujuttu.fi\/?page_id=85#primaryimage"},"image":{"@id":"https:\/\/hullujuttu.fi\/?page_id=85#primaryimage"},"thumbnailUrl":"https:\/\/hullujuttu.fi\/wp-content\/uploads\/2025\/06\/Oreo--rotated.jpg","datePublished":"2025-06-08T15:12:07+00:00","dateModified":"2025-06-08T17:44:02+00:00","breadcrumb":{"@id":"https:\/\/hullujuttu.fi\/?page_id=85#breadcrumb"},"inLanguage":"fi","potentialAction":[{"@type":"ReadAction","target":["https:\/\/hullujuttu.fi\/?page_id=85"]}]},{"@type":"ImageObject","inLanguage":"fi","@id":"https:\/\/hullujuttu.fi\/?page_id=85#primaryimage","url":"https:\/\/hullujuttu.fi\/wp-content\/uploads\/2025\/06\/Oreo--rotated.jpg","contentUrl":"https:\/\/hullujuttu.fi\/wp-content\/uploads\/2025\/06\/Oreo--rotated.jpg","width":480,"height":640},{"@type":"BreadcrumbList","@id":"https:\/\/hullujuttu.fi\/?page_id=85#breadcrumb","itemListElement":[{"@type":"ListItem","position":1,"name":"Etusivu","item":"https:\/\/hullujuttu.fi\/"},{"@type":"ListItem","position":2,"name":"Esimerkkihintoja"}]},{"@type":"WebSite","@id":"https:\/\/hullujuttu.fi\/#website","url":"https:\/\/hullujuttu.fi\/","name":"Hullujuttu","description":"Yksil&ouml;llisi&auml; ja massasta erottuvia laserkaiverrust&ouml;it&auml;.","publisher":{"@id":"https:\/\/hullujuttu.fi\/#organization"},"potentialAction":[{"@type":"SearchAction","target":{"@type":"EntryPoint","urlTemplate":"https:\/\/hullujuttu.fi\/?s={search_term_string}"},"query-input":{"@type":"PropertyValueSpecification","valueRequired":true,"valueName":"search_term_string"}}],"inLanguage":"fi"},{"@type":"Organization","@id":"https:\/\/hullujuttu.fi\/#organization","name":"Hullujuttu","url":"https:\/\/hullujuttu.fi\/","logo":{"@type":"ImageObject","inLanguage":"fi","@id":"https:\/\/hullujuttu.fi\/#\/schema\/logo\/image\/","url":"https:\/\/hullujuttu.fi\/wp-content\/uploads\/2025\/05\/cropped-Hullujuttu-logoehdotus-2-iso-1.jpg","contentUrl":"https:\/\/hullujuttu.fi\/wp-content\/uploads\/2025\/05\/cropped-Hullujuttu-logoehdotus-2-iso-1.jpg","width":512,"height":512,"caption":"Hullujuttu"},"image":{"@id":"https:\/\/hullujuttu.fi\/#\/schema\/logo\/image\/"},"sameAs":["https:\/\/www.facebook.com\/profile.php?id=61576895710394"]}]}},"_links":{"self":[{"href":"https:\/\/hullujuttu.fi\/index.php?rest_route=\/wp\/v2\/pages\/85","targetHints":{"allow":["GET"]}}],"collection":[{"href":"https:\/\/hullujuttu.fi\/index.php?rest_route=\/wp\/v2\/pages"}],"about":[{"href":"https:\/\/hullujuttu.fi\/index.php?rest_route=\/wp\/v2\/types\/page"}],"author":[{"embeddable":true,"href":"https:\/\/hullujuttu.fi\/index.php?rest_route=\/wp\/v2\/users\/1"}],"replies":[{"embeddable":true,"href":"https:\/\/hullujuttu.fi\/index.php?rest_route=%2Fwp%2Fv2%2Fcomments&post=85"}],"version-history":[{"count":9,"href":"https:\/\/hullujuttu.fi\/index.php?rest_route=\/wp\/v2\/pages\/85\/revisions"}],"predecessor-version":[{"id":204,"href":"https:\/\/hullujuttu.fi\/index.php?rest_route=\/wp\/v2\/pages\/85\/revisions\/204"}],"wp:attachment":[{"href":"https:\/\/hullujuttu.fi\/index.php?rest_route=%2Fwp%2Fv2%2Fmedia&parent=85"}],"curies":[{"name":"wp","href":"https:\/\/api.w.org\/{rel}","templated":true}]}}